+ 427*p - 713. What is w(139)?
677
Let q(u) = 31*u**3 + 4150*u**2 - 534*u + 297. Determine q(-134).
29
Let o(f) = 3253*f + 97538. What is o(-30)?
-52
Let w(z) = z**3 - 76*z**2 - 417*z + 845. Give w(81).
-127
Let h(c) = 2*c**3 + c**2 + 12062*c + 24130. Determine h(-2).
-6
Let k(r) = -1404*r + 516436. Give k(368).
-236
Let b(x) = -68350*x + 1435398. Determine b(21).
48
Let k(q) = 8594*q + 163303. Calculate k(-19).
17
Let q(o) = -6*o**2 - 140*o + 42. Calculate q(-22).
218
Let v(m) = -2*m**2 + 85*m - 823. What is v(28)?
-11
Let k(x) = 2063*x + 12. Determine k(0).
12
Let h(f) = 12*f**2 + 1691*f - 5335. What is h(-144)?
-7
Let h(j) = 13*j**2 - 11864*j + 47437. What is h(4)?
189
Let z(c) = c**3 + 6*c**2 - 73*c - 217. Give z(-9).
197
Let i(c) = 68*c**2 + 1367*c - 2848. Calculate i(-22).
-10
Let j(x) = 1957*x - 769093. Calculate j(393).
8
Let n(o) = -o**3 - 33*o**2 + 58*o - 1473. What is n(-36)?
327
Let v(l) = 14767*l + 383936. Determine v(-26).
-6
Let v(a) = a**3 + 177*a**2 + 1391*a + 62407. What is v(-171)?
-8
Let q(n) = -696*n - 4090. Give q(-9).
2174
Let d(i) = -i**3 + i**2 + 389*i + 541. What is d(21)?
-110
Let r(o) = -2*o**2 - 63*o - 350. Give r(-55).
-2935
Let h(v) = -v**3 - 9*v**2 + 111*v - 75. What is h(-14)?
-649
Let r(f) = -9*f**2 + 2186*f + 15750. Determine r(-7).
7
Let b(n) = -n**3 + 114*n**2 + 19*n + 11092. Calculate b(115).
52
Let n(z) = -3533*z + 123601. Determine n(35).
-54
Let s(j) = 334*j + 1044. What is s(-5)?
-626
Let q(a) = 87739*a - 1491564. What is q(17)?
-1
Let h(m) = 3*m**3 - 46*m + 9. Give h(-5).
-136
Let s(y) = 3*y**2 + 487*y + 20229. Determine s(-94).
959
Let o(x) = 201*x**3 - 22720*x**2 + 790*x + 148. What is o(113)?
35
Let m(p) = -7*p**2 - 1251*p - 20834. What is m(-160)?
126
Let d(b) = -698*b - 391101. What is d(-560)?
-221
Let n(d) = -d**2 + 22*d + 10193. Give n(-83).
1478
Let b(t) = -26299*t + 789071. What is b(30)?
101
Let d(j) = 43639*j + 87296. Calculate d(-2).
18
Let g(z) = 83*z**3 + 15441*z**2 + 563*z + 937. Calculate g(-186).
7
Let x(f) = -5*f**3 - 730*f**2 - 720*f + 604. Calculate x(-145).
-121
Let r(s) = -237*s - 8907. Determine r(-39).
336
Let l(o) = 157*o**2 - 79*o - 67. Calculate l(5).
3463
Let j(h) = -417*h + 12110. Determine j(29).
17
Let y(i) = -3*i**2 + 287*i - 3232. Determine y(12).
-220
Let b(a) = 1096*a + 17530. Determine b(-16).
-6
Let s(y) = -2*y**3 - 45*y**2 - 220*y - 58. Give s(-15).
-133
Let x(q) = -q**2 + 3319*q - 36394. Calculate x(11).
-6
Let g(h) = -223*h - 710. What is g(-3)?
-41
Let t(i) = -749*i + 19376. Give t(25).
651
Let u(d) = -d**3 - 17*d**2 + 137*d + 7. Determine u(-23).
30
Let r(f) = 10891*f + 294057. Give r(-27).
0
Let a(i) = -3*i**2 - 80*i + 8989. Give a(-69).
226
Let y(o) = -9530*o + 457436. Determine y(48).
-4
Let m(n) = 1445*n - 596793. Calculate m(413).
-8
Let l(p) = p**3 - 224*p**2 - 28701*p - 3280. Give l(-91).
-4
Let m(f) = -6708*f - 120610. Calculate m(-18).
134
Let q(j) = 14665*j + 73590. What is q(-5)?
265
Let j(c) = -606*c**2 + 46055*c + 85. What is j(76)?
9
Let d(o) = o**2 + 58*o - 1609. What is d(-78)?
-49
Let z(k) = 14*k**2 + 102*k - 495. Calculate z(4).
137
Let f(q) = q**3 - 300*q**2 + 5780*q - 50393. Calculate f(280).
7
Let v(a) = 148*a - 2660. Calculate v(15).
-440
Let n(z) = -3*z**3 + 67*z**2 + 101*z - 160. What is n(24)?
-616
Let w(i) = -1015*i + 384684. What is w(379)?
-1
Let f(d) = d**3 + 12*d**2 - 410*d - 5448. Determine f(-18).
-12
Let o(u) = -921938*u - 1843890. What is o(-2)?
-14
Let u(z) = 3*z**3 + 2*z**2 - 1469*z - 5894. What is u(-4)?
-178
Let z(d) = 39697*d + 1786365. Give z(-45).
0
Let o(z) = 8*z**3 + 20*z**2 + 21*z - 398. Calculate o(4).
518
Let w(m) = 2*m**3 + 205*m**2 - 2872*m + 370. Determine w(-115).
25
Let z(l) = -958245*l + 958237. Determine z(1).
-8
Let p(x) = -x**3 + 13*x**2 - 37*x + 38. Determine p(-7).
1277
Let d(o) = 7*o**3 + 80*o**2 - 44*o - 83. Calculate d(-12).
-131
Let w(o) = o**3 + 105*o**2 + 946*o - 30. What is w(-10)?
10
Let g(i) = i**2 - 69*i - 2012. Calculate g(0).
-2012
Let q(n) = 7206*n + 43469. Calculate q(-6).
233
Let l(f) = 27976*f + 7861267. Calculate l(-281).
11
Let u(j) = 92*j**3 - 113*j**2 - 8*j + 30. Determine u(3).
1473
Let a(p) = -131*p**2 + 54634*p - 3090. Calculate a(417).
-171
Let r(b) = b**3 + 4*b**2 - 361*b - 2367. Determine r(-7).
13
Let y(k) = -2*k**3 - 239*k**2 + 1111*k - 766. Calculate y(-124).
-146
Let l(m) = 323*m - 17349. Determine l(54).
93
Let p(f) = -79404*f + 873466. Determine p(11).
22
Let p(r) = -2*r**3 - 124*r**2 + 8*r + 580. Give p(-62).
84
Let w(q) = -12*q**3 - 336*q**2 + 1118*q - 107. Determine w(-31).
-169
Let q(n) = 433705*n + 4770754. Determine q(-11).
-1
Let p(q) = q**3 + 220*q**2 + 1247*q - 225. Calculate p(-6).
-3
Let o(x) = -7*x**3 - 100*x**2 + x - 42. Determine o(-13).
-1576
Let v(d) = -3*d**2 - 4366*d + 168715. Give v(-1493).
6
Let v(s) = 568*s**2 + 8507*s - 176. Calculate v(-15).
19
Let a(b) = -4*b**2 - 101*b + 1291. Calculate a(12).
-497
Let c(p) = 4155*p - 29095. Give c(7).
-10
Let r(u) = u**3 - 12*u**2 + 808*u - 9585. Calculate r(12).
111
Let h(k) = k**3 + 11*k**2 + 1252*k + 10957. Give h(-9).
-149
Let d(v) = 375*v - 14930. Give d(40).
70
Let m(s) = -s**3 - s**2 + 665*s - 409. Give m(25).
-34
Let f(k) = 94*k + 3677. What is f(-37)?
199
Let q(f) = 2*f**3 + 37*f**2 - 727*f - 10. Calculate q(12).
50
Let z(u) = -43*u**2 - 165*u - 3. Determine z(-4).
-31
Let d(f) = -f**3 + 148*f**2 - 1923*f + 6299. Give d(134).
1
Let f(c) = -4992*c**2 - 9986*c - 3. Give f(-2).
1
Let m(k) = 72*k**2 - 20164*k + 1111. Calculate m(280).
-9
Let f(q) = 7*q**2 + 118*q - 566. Determine f(4).
18
Let m(g) = -g**3 + 10*g**2 + 20*g - 155. What is m(-5)?
120
Let u(o) = -1239*o + 115201. What is u(93)?
-26
Let w(q) = -724*q**2 + 16961*q - 16961. Give w(1).
-724
Let b(t) = -t**3 + 3*t**2 + 6999*t - 20999. Calculate b(3).
-2
Let g(p) = p**3 - 28*p**2 - 237*p + 57. Determine g(-8).
-351
Let p(y) = 2*y**3 + 62*y**2 - 2*y - 8689. Determine p(-19).
13
Let f(v) = -v**2 + 858*v + 63088. Calculate f(-73).
-4875
Let b(g) = -2*g**3 - 13*g**2 + 7*g + 49. Give b(-3).
-35
Let o(g) = -g**2 + 33*g + 3238. Give o(-45).
-272
Let n(h) = 2366*h**2 - 37886*h + 474. What is n(16)?
-6
Let h(k) = -5*k**2 - 5844*k + 94789. What is h(16)?
5
Let x(c) = c**2 + 724*c - 155180. Determine x(173).
1
Let f(h) = -5*h**2 - 391*h - 9119. Give f(-34).
-1605
Let d(c) = -425*c + 29196. Calculate d(69).
-129
Let x(p) = 70710*p + 1979882. Calculate x(-28).
2
Let q(x) = -x**3 - 21*x**2 - 138*x - 2092. Give q(-21).
806
Let w(r) = -4*r**3 + 14*r**2 - 528*r + 7257. Determine w(13).
-6029
Let x(q) = 15538*q + 6914413. Determine x(-445).
3
Let k(t) = -t**3 + 28*t**2 + 451*t - 351. Determine k(-12).
-3
Let w(o) = 3*o**3 + 153*o**2 + 221*o + 11192. Calculate w(-51).
-79
Let a(b) = -45269*b - 3440430. What is a(-76)?
14
Let o(g) = -g**3 + 66*g**2 - 639*g - 1670. What is o(53)?
980
Let v(l) = 357*l + 176755. Give v(-495).
40
Let h(g) = 28*g**2 + 10356*g - 1470. Give h(-370).
10
Let g(n) = 30*n**2 + 200*n - 211. Calculate g(1).
19
Let r(v) = -v**3 + 211*v**2 - 7051*v - 7934. Determine r(169).
9
Let a(f) = -9428*f - 188672. Give a(-20).
-112
Let k(f) = f**3 - 789*f + 8464. Determine k(15).
4
Let a(b) = -130905*b - 1309019. Calculate a(-10).
31
Let w(i) = i**2 + 138*i - 10793. Calculate w(-193).
-178
Let z(g) = -9*g**2 + 396*g + 1283. What is z(-3)?
14
Let l(i) = -i**3 + 67*i**2 + 127*i - 151. Give l(69).
-910
Let h(u) = -u**3 + 123*u**2 + 209*u - 10443. Calculate h(124).
97
Let i(x) = x**3 + 221*x**2 - 2313*x - 173. Give i(-231).
520
Let m(d) = -3363*d + 760084. What is m(226)?
46
Let q(o) = o**2 + 42*o - 83. Give q(-76).
2501
Let y(f) = 614*f + 2388. Determine y(-4).
-68
Let c(g) = 8594*g + 4434498. Determine c(-516).
-6
Let x(o) = o**3 - 8*o**2 - 65*o - 165. Give x(14).
101
Let x(p) = -9*p**3 - 14*p**2 + 29*p - 14. Give x(4).
-698
Let b(c) = 849*c + 5908. What is b(-8)?
-884
Let n(p) = p**2 + p - 9119. Determine n(-96).
1
Let k(d) = 6864*d - 720732. Determine k(105).
-12
Let y(w) = w**2 + 818*w + 8748. What is y(-11)?
-129
Let k(l) = l**3 - l**2 + 14*l + 239. What is k(-5)?
19
Let h(g) = -13*g**3 + 3*g**2 + 213*g + 921. What is h(-5)?
1556
Let c(f) = 37609*f - 19331022. What is c(514)?
4
Let b(w) = 509*w - 116074. Give b(228).
-22
Let c(f) = 8*f**3 - 841*f**2 + 881